2 + 4*r + 11. Determine c(-3).
71
Let h(w) = w**3 - 7*w**2 + 6*w - 28. Determine h(7).
14
Let q(d) = -d**3 + 7*d**2 + 7*d + 1. Calculate q(9).
-98
Let w(g) = 5*g**3 - 3*g**2 - 3*g - 1. What is w(-2)?
-47
Let l(i) = i**2 + 14*i - 33. Give l(-14).
-33
Let p(a) = -30*a + 299. Give p(10).
-1
Let m(c) = -11*c**2 - 4. What is m(2)?
-48
Let s(k) = k**2 + 2*k - 7. Give s(0).
-7
Let f(w) = 2*w**2 - 37*w + 21. Calculate f(15).
-84
Let g(l) = 2*l - 9. What is g(-4)?
-17
Let h(y) = y**3 - 8*y**2 + 7*y - 7. Determine h(8).
49
Let b(w) = 13*w**2 + 2*w + 1. Determine b(-1).
12
Let c(j) = j**2 - 24*j + 97. What is c(6)?
-11
Let f(y) = y - 40. Calculate f(37).
-3
Let y(c) = c**2 + 10*c - 18. What is y(-10)?
-18
Let g(l) = -l**2 - 2*l - 3. Give g(-3).
-6
Let w(n) = n**3 - 3*n**2 - 4*n - 4. Give w(5).
26
Let n(j) = j**2 + 13*j + 10. Give n(-8).
-30
Let h(z) = -13*z**2 + 2*z + 1. Give h(-1).
-14
Let y(f) = 12*f - 219. What is y(22)?
45
Let f(z) = -z**3 + z**2 + 19*z + 6. Give f(5).
1
Let x(i) = -i**3 - 20*i**2 + 19*i - 37. Calculate x(-21).
5
Let c(u) = -u**2 - 95*u - 1198. Give c(-80).
2
Let l(v) = 20*v - 375. Calculate l(18).
-15
Let s(l) = -l**3 + 32*l**2 + 103*l + 73. What is s(35)?
3
Let f(a) = -2*a**3 - 6*a**2 + 11*a + 5. What is f(-4)?
-7
Let y(k) = -19*k + 41. Determine y(4).
-35
Let j(m) = m**2 - 10*m + 10. Determine j(8).
-6
Let i(c) = -c**2 + 12*c + 66. Give i(16).
2
Let o(v) = 2*v**3 + 4*v**2 - 3*v - 13. Give o(-3).
-22
Let y(o) = o**3 + 8*o**2 - 2*o + 13. Calculate y(-9).
-50
Let u(o) = -o**2 + 9*o - 3. Determine u(-9).
-165
Let s(o) = o**2 + 8*o - 1. Give s(-5).
-16
Let o(r) = -r**2 + 12*r - 1. Calculate o(11).
10
Let q(n) = 45*n**2 + 3*n + 3. Give q(-1).
45
Let r(j) = -6*j + 20. Calculate r(7).
-22
Let w(x) = x**2 + 6*x + 5. Give w(-6).
5
Let v(s) = 26*s - 125. Calculate v(5).
5
Let x(y) = -2*y**2 + 24*y - 20. Determine x(11).
2
Let c(x) = x**3 - 4*x**2 - 13*x - 2. What is c(6)?
-8
Let a(l) = -15*l**2 - 4*l + 4. Give a(2).
-64
Let a(v) = v**3 - 6*v**2 + 3*v + 9. Give a(7).
79
Let d(x) = -x**2 + 7*x + 3. Calculate d(9).
-15
Let y(p) = 8*p + 3. Give y(-2).
-13
Let c(d) = -4*d - 62. Determine c(-16).
2
Let x(l) = l**3 - 5*l**2 - 4*l - 4. Calculate x(6).
8
Let f(y) = -y**3 + 13*y**2 - 42*y + 3. Determine f(7).
3
Let l(m) = m**2 + 5*m + 6. Calculate l(-3).
0
Let n(f) = -3*f - 26. Calculate n(-9).
1
Let p(v) = -v**3 - 2*v**2 + 5*v + 2. Determine p(-3).
-4
Let o(t) = -t**2 - 41*t - 387. Calculate o(-27).
-9
Let p(w) = -w - 4. Calculate p(-9).
5
Let j(t) = 2*t**3 - 4*t**2 + 4*t + 3. Determine j(4).
83
Let x(z) = 12*z**2 - z + 1. Give x(-1).
14
Let h(u) = u**2 - 30*u + 211. Calculate h(17).
-10
Let j(m) = -m**3 + 10*m**2 + 2*m + 13. Give j(9).
112
Let m(w) = 28*w + 113. What is m(-6)?
-55
Let r(p) = 3*p - 5. Calculate r(2).
1
Let r(m) = 19*m + 5. What is r(3)?
62
Let i(q) = 8*q**2 + 127*q - 14. Calculate i(-16).
2
Let a(f) = f**3 + 13*f**2 + 14*f + 13. Give a(-12).
-11
Let t(z) = -z - 13. Determine t(2).
-15
Let f(s) = 4*s**2 - 5*s + 5. Calculate f(4).
49
Let o(p) = -p**3 - 10*p**2 - 8*p + 5. Give o(-9).
-4
Let b(m) = -m**3 + m**2 - 2*m + 4. What is b(2)?
-4
Let p(k) = -k**3 - 3*k**2 + 11*k + 9. Calculate p(-4).
-19
Let t(y) = 5*y**3 + y**2 + y - 1. What is t(1)?
6
Let u(z) = z**3 - 3*z**2 - 3*z + 1. Calculate u(4).
5
Let h(a) = -a - 12. Determine h(-5).
-7
Let l(v) = 8*v + 119. Determine l(-17).
-17
Let t(c) = 12*c - 41. Calculate t(3).
-5
Let q(o) = -2*o**2 + 16*o + 6. Give q(8).
6
Let m(l) = -l**3 - 3*l**2 + 4*l + 3. Give m(-2).
-9
Let b(f) = f**2 + 22*f + 67. Calculate b(-19).
10
Let x(r) = -r**3 + 2*r**2 + r + 4. Determine x(0).
4
Let d(s) = -7*s + 11. Determine d(7).
-38
Let p(t) = 2*t**3 + 9*t**2 - 7*t - 3. Determine p(-5).
7
Let o(x) = -x**3 - 5*x**2 - x - 2. Determine o(-5).
3
Let p(z) = z**3 + 4*z**2 + z - 6. Give p(-3).
0
Let q(g) = -g**3 - 5*g**2 + 20*g + 34. What is q(-7)?
-8
Let g(u) = -227*u**2 - u + 2. Give g(-1).
-224
Let q(m) = 18*m - 30. Give q(-6).
-138
Let a(q) = -2*q**3 + 15*q**2 + 9*q - 8. Give a(8).
0
Let h(m) = -m**3 + 15*m**2 + 5*m + 22. Calculate h(15).
97
Let y(h) = -15*h**3 - h**2 - 3*h - 1. Give y(-1).
16
Let j(t) = -2*t**2 - 19*t - 44. Calculate j(-7).
-9
Let n(j) = 2*j**3 + 5*j**2 - 4. What is n(-2)?
0
Let b(l) = -l**3 - 3*l**2 - 3*l - 10. Determine b(-3).
-1
Let w(a) = -2*a**2 + 9*a + 10. Calculate w(6).
-8
Let h(s) = 2*s + 25. Calculate h(-9).
7
Let k(t) = -t**2 + 23*t + 148. Determine k(28).
8
Let u(m) = 2*m**3 - 4*m**2 - 6*m + 7. Determine u(3).
7
Let n(x) = x**2 - 5*x + 8. Give n(7).
22
Let u(n) = -2*n**2 + 9*n - 16. What is u(5)?
-21
Let b(l) = l**3 + 17*l**2 + 15*l - 11. Determine b(-16).
5
Let z(u) = -u**3 - 14*u**2 - 13*u + 3. Give z(-13).
3
Let t(i) = 22*i - 14. Give t(3).
52
Let b(l) = 4*l**2 - 2*l - 2. Calculate b(2).
10
Let p(n) = -n**2 + n + 14. Calculate p(7).
-28
Let k(s) = -4*s + 76. What is k(0)?
76
Let m(z) = z**2 + 2*z - 17. Determine m(7).
46
Let f(i) = i**3 - 9*i**2 + 17*i - 2. Determine f(7).
19
Let h(k) = -k**2 - 3*k - 3. Determine h(4).
-31
Let l(n) = 3*n - 89. Give l(24).
-17
Let g(l) = -6*l - 20. Determine g(-4).
4
Let j(d) = 3*d + 9. Determine j(-6).
-9
Let q(v) = -v**3 - 7*v**2 + 6*v - 21. Determine q(-9).
87
Let p(l) = -l**3 - 9*l**2 - 10*l - 12. Give p(-8).
4
Let d(v) = 2*v**2 + 7*v + 5. What is d(-4)?
9
Let c(q) = 4*q - 30. Give c(15).
30
Let u(g) = -g**3 - 5*g**2 - 1. Determine u(-4).
-17
Let a(p) = p**2 + 30*p + 62. Calculate a(-28).
6
Let o(i) = i**3 - 6*i**2 + 7*i - 1. Calculate o(4).
-5
Let j(b) = -b**2 - 6*b - 3. Determine j(-2).
5
Let u(o) = -o**2 - 6*o + 5. Give u(-7).
-2
Let i(a) = 3*a**2 - 57*a. What is i(19)?
0
Let t(w) = 6*w - 107. What is t(14)?
-23
Let w(d) = -16*d**3 + d**2 + 3*d + 1. Calculate w(-1).
15
Let y(t) = t**3 + t - 25. Give y(4).
43
Let t(n) = -2*n + 5. What is t(4)?
-3
Let m(y) = -y**3 + 7*y**2 + 5*y + 7. Give m(7).
42
Let b(m) = -m**3 - 13*m**2 - 10*m + 2. Give b(-12).
-22
Let g(j) = 6*j - 13. Give g(13).
65
Let d(p) = -13*p + 367. Give d(29).
-10
Let n(s) = -5*s + 3. Determine n(2).
-7
Let b(k) = -k**2 - 7*k - 13. Determine b(-11).
-57
Let h(m) = -11*m + 73. Calculate h(-7).
150
Let p(i) = 33*i + 229. What is p(-7)?
-2
Let n(p) = -p**2 + 5*p + 4. Calculate n(5).
4
Let j(r) = -r**2 + 6*r + 3. What is j(5)?
8
Let r(l) = 2*l**2 - 58*l + 56. What is r(28)?
0
Let a(j) = j**3 + 4*j**2 - 6*j - 7. Give a(-5).
-2
Let g(q) = q**3 + 2*q**2 + 11. Calculate g(-5).
-64
Let i(f) = f + 9. Calculate i(13).
22
Let t(r) = -54*r - 62. Calculate t(-1).
-8
Let r(m) = -2*m**3 + m**2 - 3*m - 3. Calculate r(-2).
23
Let l(r) = r**2 - r - 3. Calculate l(4).
9
Let i(x) = x**2 + 3*x - 2. Calculate i(-4).
2
Let r(g) = g**2 - 19*g - 52. Determine r(19).
-52
Let u(x) = x**3 - 11*x**2 - 11. Determine u(11).
-11
Let q(x) = -5*x**2 + 13*x + 24. Give q(-2).
-22
Let s(m) = -30*m**3 - m**2 + m. What is s(1)?
-30
Let p(s) = 26*s + 124. Determine p(-5).
-6
Let u(w) = -w**2 - 3*w + 59. Calculate u(7).
-11
Let b(k) = -k**3 + 14*k**2 - 40*k - 6. Calculate b(10).
-6
Let x(k) = k**2 + 5*k - 15. Give x(-5).
-15
Let w(u) = u**3 + 11*u**2 - 10*u. Give w(-12).
-24
Let o(y) = -13*y**2 - 11*y - 11. Determine o(-4).
-175
Let u(n) = -3*n**2 + 26*n - 36. Determine u(7).
-1
Let l(b) = 2*b - 3. What is l(5)?
7
Let g(y) = -y**2 + 5*y + 14. What is g(8)?
-10
Let o(g) = g**2 + g - 21. Give o(6).
21
Let o(m) = -3*m**2 - 5*m + 11. What is o(5)?
-89
Let l(y) = y**2 - 22*y - 37. Determine l(24).
11
Let w(o) = 12*o - 1. Give w(-1).
-13
Let p(z) = -z**2 - 13*z - 2. Calculate p(-13).
-2
Let q(j) = j**3 - 5*j**2 - 20*j + 26. Determine q(7).
-16
Let r(z) = -9*z**3 - z + 1. Determine r(1).
-9
Let m(h) = h**3 - 17*h**2 + 3*h - 34. Determine m(17).
17
Let x(g) = -g**2 + 24*g + 47. Give x(26).
-5
Let a(t) = t**3 + 2*t - 1. Determine a(1).
2
Let t(l) = -2*l**2 + 17*l - 9. Determine t(11).
-64
Let m(a) = -a - 9. Calculate m(0).
-9
Let d(h) = 5*h + 4. Give d(-6).
-26
Let a(m) = m**3 + 7*m**2 + m - 2. Calculate a(-7).
-9
Let n(b) = b**3 - 2*b**2 - 6*b + 12. Determine n(4).
20
Let b(c) = 44*c + 1. Give b(1).
45
Let z(n) = n - 25. Calculate z(13).
-12
Let d(z) = -2*z**2 + 9*z + 1. Calculate d(-2).
-25
Let k(c) = -c**3 + 4*c**2 - 3*c - 4. What is k(4)?
-16
Let i(w) = -3*w - 5. Give i(0).
-5
Let y(d) = 2*d**3 - 3*d**2 - 3*d - 3. What is y(